hat is the hundred thousands digit of 491362?
4
What is the tens digit of 803741?
4
What is the ten thousands digit of 201123?
0
What is the ten thousands digit of 6843252?
4
What is the hundred thousands digit of 5634299?
6
What is the thousands digit of 721705?
1
What is the ten thousands digit of 154051?
5
What is the millions digit of 1845442?
1
What is the units digit of 33842?
2
What is the ten millions digit of 19752138?
1
What is the hundred thousands digit of 690793?
6
What is the units digit of 2403905?
5
What is the millions digit of 1124724?
1
What is the tens digit of 195123?
2
What is the thousands digit of 5443967?
3
What is the tens digit of 191607?
0
What is the ten millions digit of 11514948?
1
What is the units digit of 318948?
8
What is the tens digit of 4989324?
2
What is the hundreds digit of 130513?
5
What is the units digit of 4850061?
1
What is the hundreds digit of 7167483?
4
What is the units digit of 163401?
1
What is the tens digit of 6569407?
0
What is the tens digit of 882066?
6
What is the units digit of 3022738?
8
What is the tens digit of 526904?
0
What is the hundreds digit of 473441?
4
What is the hundred thousands digit of 237035?
2
What is the units digit of 49292?
2
What is the hundreds digit of 3752779?
7
What is the ten thousands digit of 88984?
8
What is the ten thousands digit of 552765?
5
What is the tens digit of 16367728?
2
What is the thousands digit of 284106?
4
What is the ten thousands digit of 4546130?
4
What is the ten thousands digit of 864452?
6
What is the tens digit of 353043?
4
What is the ten thousands digit of 12503?
1
What is the thousands digit of 164328?
4
What is the hundreds digit of 92960?
9
What is the units digit of 192020?
0
What is the tens digit of 1198967?
6
What is the tens digit of 5865866?
6
What is the hundred thousands digit of 353854?
3
What is the units digit of 455793?
3
What is the hundreds digit of 409870?
8
What is the hundreds digit of 35198?
1
What is the millions digit of 20377616?
0
What is the millions digit of 12064175?
2
What is the ten thousands digit of 11403955?
0
What is the units digit of 1303544?
4
What is the ten thousands digit of 79105?
7
What is the thousands digit of 16969741?
9
What is the tens digit of 2259389?
8
What is the units digit of 4252?
2
What is the hundreds digit of 1581955?
9
What is the ten thousands digit of 1498487?
9
What is the hundred thousands digit of 8865110?
8
What is the ten thousands digit of 1535125?
3
What is the tens digit of 1010146?
4
What is the hundred thousands digit of 7745235?
7
What is the tens digit of 1118549?
4
What is the thousands digit of 198960?
8
What is the tens digit of 8475139?
3
What is the hundreds digit of 1416446?
4
What is the units digit of 317567?
7
What is the thousands digit of 92765?
2
What is the tens digit of 375327?
2
What is the units digit of 223528?
8
What is the hundred thousands digit of 3580376?
5
What is the millions digit of 3207372?
3
What is the units digit of 1405073?
3
What is the thousands digit of 283940?
3
What is the millions digit of 5466169?
5
What is the units digit of 276882?
2
What is the thousands digit of 4828087?
8
What is the ten thousands digit of 20496990?
9
What is the thousands digit of 654254?
4
What is the thousands digit of 54353?
4
What is the hundred thousands digit of 571289?
5
What is the ten thousands digit of 819842?
1
What is the ten thousands digit of 61880?
6
What is the millions digit of 9958358?
9
What is the hundred thousands digit of 374600?
3
What is the hundred thousands digit of 2045115?
0
What is the millions digit of 2668213?
2
What is the hundred thousands digit of 1505471?
5
What is the units digit of 14352348?
8
What is the units digit of 487985?
5
What is the millions digit of 6237157?
6
What is the units digit of 318356?
6
What is the ten millions digit of 38835385?
3
What is the hundreds digit of 504979?
9
What is the hundreds digit of 595753?
7
What is the ten thousands digit of 6108531?
0
What is the ten thousands digit of 95717?
9
What is the thousands digit of 3541917?
1
What is the hundreds digit of 397431?
4
What is the units digit of 17995?
5
What is the hundred thousands digit of 31359189?
3
What is the tens digit of 817419?
1
What is the thousands digit of 777760?
7
What is the tens digit of 293746?
4
What is the hundreds digit of 22929?
9
What is the tens digit of 249292?
9
What is the hundred thousands digit of 239084?
2
What is the millions digit of 2066580?
2
What is the hundreds digit of 21803695?
6
What is the thousands digit of 15361069?
1
What is the millions digit of 23340004?
3
What is the hundreds digit of 682699?
6
What is the hundreds digit of 51950?
9
What is the hundred thousands digit of 110220?
1
What is the hundreds digit of 459074?
0
What is the units digit of 20399363?
3
What is the ten thousands digit of 4211303?
1
What is the ten thousands digit of 1013519?
1
What is the hundred thousands digit of 905071?
9
What is the tens digit of 3706065?
6
What is the hundreds digit of 4613186?
1
What is the tens digit of 584000?
0
What is the ten millions digit of 15607683?
1
What is the units digit of 784677?
7
What is the millions digit of 1759194?
1
What is the thousands digit of 1134835?
4
What is the thousands digit of 470697?
0
What is the hundred thousands digit of 516662?
5
What is the ten thousands digit of 1343543?
4
What is the thousands digit of 1883618?
3
What is the thousands digit of 25892308?
2
What is the hundred thousands digit of 491011?
4
What is the ten thousands digit of 32263161?
6
What is the tens digit of 23383803?
0
What is the tens digit of 105383?
8
What is the tens digit of 73931?
3
What is the thousands digit of 5188378?
8
What is the units digit of 264421?
1
What is the units digit of 790573?
3
What is the hundred thousands digit of 14664353?
6
What is the hundreds digit of 133266?
2
What is the units digit of 242732?
2
What is the hundreds digit of 6556?
5
What is the hundreds digit of 1557045?
0
What is the tens digit of 7528295?
9
What is the units digit of 10212878?
8
What is the thousands digit of 83005?
3
What is the ten thousands digit of 401834?
0
What is the tens digit of 65326?
2
What is the ten thousands digit of 6418887?
1
What is the tens digit of 12140460?
6
What is the ten thousands digit of 1709727?
0
What is the tens digit of 221960?
6
What is the thousands digit of 1412702?
2
What is the hundred thousands digit of 238058?
2
What is the tens digit of 254543?
4
What is the hundred thousands digit of 7421418?
4
What is the hundred thousands digit of 1398142?
3
What is the millions digit of 14390347?
4
What is the hundred thousands digit of 9796756?
7
What is the thousands digit of 866209?
6
What is the ten thousands digit of 6347261?
4
What is the tens digit of 1233893?
9
What is the thousands digit of 4047264?
7
What is the ten thousands digit of 2230170?
3
What is the hundreds digit of 102688?
6
What is the units digit of 3951052?
2
What is the hundreds digit of 2876144?
1
What is the hundreds digit of 1095626?
6
What is the tens digit of 5058957?
5
What is the hundreds digit of 6923731?
7
What is the hundred thousands digit of 2334199?
3
What is the thousands digit of 52743?
2
What is the millions digit of 16606859?
6
What is the hundreds digit of 667211?
2
What is the hundreds digit of 8654472?
4
What is the thousands digit of 137638?
7
What is the hundreds digit of 58121?
1
What is the units digit of 324681?
1
What is the thousands digit of 3726632?
6
What is the units digit of 13774591?
1
What is the hundred thousands digit of 501218?
5
What is the hundred thousands digit of 3059333?
0
What is the hundreds digit of 5604648?
6
What is the units digit of 1386702?
2
What is the tens digit of 2960341?
4
What is the thousands digit of 201870?
1
What is the millions digit of 11448644?
1
What is the tens digit of 6091385?
8
What is the ten thousands digit of 1737785?
3
What is the units digit of 22348065?
5
What is the hundred thousands digit of 4164224?
1
What is the thousands digit of 7026691?
6
What is the ten thousands digit of 2091064?
9
What is the tens digit of 14447?
4
What is the tens digit of 433708?
0
What is the millions digit of 1723948?
1
What is th